 3390. Calculate w(308).
-2
Let t(u) = -76*u**3 - 2*u**2 + 5*u - 5. What is t(2)?
-611
Let d(b) = -b**3 - 10*b**2 + 45*b + 369. Determine d(-11).
-5
Let h(f) = f**2 - 13*f - 272. What is h(24)?
-8
Let a(l) = 10*l**2 - 37*l + 29. Determine a(8).
373
Let i(o) = -1147*o - 5. Give i(0).
-5
Let w(b) = -b**3 - 209*b**2 - 201*b + 1459. Give w(-208).
3
Let l(h) = -h**2 + 15*h - 138. What is l(7)?
-82
Let x(y) = y**3 + 46*y**2 - 551*y + 24. Calculate x(10).
114
Let t(p) = -365*p - 129592. Give t(-355).
-17
Let a(h) = 368*h - 361. Give a(1).
7
Let a(d) = d**3 + 45*d**2 + 41*d - 76. Determine a(-44).
56
Let r(k) = -2*k**2 - 69*k - 211. Give r(-31).
6
Let x(q) = -10*q**2 - 367*q + 86. What is x(-37)?
-25
Let i(m) = 3*m + 103. Determine i(-4).
91
Let b(x) = -6*x**3 + 2*x**2 + 751*x - 1499. Determine b(2).
-37
Let r(k) = -3*k**3 + 76*k**2 - 18*k - 89. Give r(25).
86
Let a(j) = -j**2 + 6*j + 141. Give a(18).
-75
Let q(m) = -m**2 - 38*m - 369. Give q(-20).
-9
Let a(q) = q**2 - 1048*q + 4179. Calculate a(4).
3
Let y(m) = 461*m + 23504. Give y(-51).
-7
Let c(s) = 39*s - 184. What is c(4)?
-28
Let d(l) = -3*l**2 - 13*l - 52. Determine d(-7).
-108
Let l(g) = g**3 + 32*g**2 + 89*g + 28. Determine l(-29).
-30
Let a(t) = -27*t + 454. What is a(30)?
-356
Let o(y) = 4*y**2 + 16*y - 23. Calculate o(-6).
25
Let t(o) = 86*o + 89. What is t(4)?
433
Let c(m) = 15*m + 137. Calculate c(-10).
-13
Let k(t) = 5*t - 45. Give k(-20).
-145
Let u(j) = -j**3 + 211*j**2 + 222*j - 2118. What is u(212)?
2
Let x(l) = -l**3 + 106*l**2 - 101*l - 192. What is x(105)?
228
Let o(t) = -t**3 - 42*t**2 - 191*t - 28. Give o(-5).
2
Let g(s) = 46*s**3 + 17*s + 16. Give g(-1).
-47
Let n(s) = s**2 + 50*s + 115. What is n(-47)?
-26
Let j(y) = y**2 + 17*y - 3819. Calculate j(56).
269
Let h(f) = f**2 + 51*f - 555. Give h(-60).
-15
Let t(g) = -2*g**3 - 20*g**2 + 41*g + 398. Determine t(-10).
-12
Let w(z) = -4*z**2 - 307*z + 698. Calculate w(-79).
-13
Let w(y) = y**2 - 130*y + 258. Calculate w(2).
2
Let x(a) = -102*a + 1141. Calculate x(11).
19
Let s(x) = -44*x**2 + 4312*x - 6. Give s(98).
-6
Let u(p) = 2*p**2 - 41*p + 13. Calculate u(23).
128
Let q(k) = -46*k + 5127. Give q(113).
-71
Let f(i) = -i**3 - 8*i**2 - 11*i + 15. Calculate f(-6).
9
Let f(w) = 4*w**2 + 81*w - 151. Calculate f(-22).
3
Let k(s) = -17*s - 54. Calculate k(-14).
184
Let o(a) = 3*a**2 + 52*a + 264. Give o(-14).
124
Let g(x) = 2*x**3 - 361*x**2 + 14146*x - 125. Determine g(123).
-2
Let l(n) = n**2 - 6*n - 46. Give l(6).
-46
Let g(f) = -251*f + 304. Give g(3).
-449
Let x(n) = 2*n**3 - 64*n**2 - 23*n + 2629. Give x(31).
-6
Let r(l) = 2*l**3 + 6*l**2 + 13*l - 45. Determine r(-5).
-210
Let v(a) = -a**3 - 6*a**2 - 13*a - 2. Determine v(-7).
138
Let s(w) = -w**3 - w**2 + 2*w - 9. Give s(2).
-17
Let a(r) = 2*r**3 - 37*r**2 + 13*r + 103. Calculate a(18).
13
Let l(z) = -3*z**2 - 110*z + 193. Give l(-38).
41
Let h(w) = -w**3 + 19*w**2 - 10*w - 7. What is h(18)?
137
Let h(l) = -4*l**2 - 64*l - 173. Determine h(-12).
19
Let r(o) = -186*o + 12448. Determine r(67).
-14
Let x(b) = b**3 - 45*b**2 - 207*b + 519. Determine x(49).
-20
Let j(r) = 4*r**2 + 17*r - 10. Calculate j(-5).
5
Let v(c) = -167*c - 1199. Calculate v(-7).
-30
Let m(l) = 2*l**2 + 214*l + 9. Determine m(0).
9
Let z(s) = -s**3 + 28*s**2 - 156*s - 65. Determine z(20).
15
Let m(f) = -f**3 + 12*f**2 + 25*f - 279. What is m(7)?
141
Let t(n) = 30*n + 423. Give t(-9).
153
Let x(f) = -151*f - 750. What is x(-5)?
5
Let h(u) = 4*u**2 + 7*u - 31. Calculate h(-9).
230
Let n(c) = -80*c - 584. Give n(-7).
-24
Let t(k) = 4*k - 78. Determine t(20).
2
Let a(j) = 127*j - 539. Calculate a(4).
-31
Let q(u) = -73*u + 229. Calculate q(10).
-501
Let m(w) = -87*w**3 + 1217*w**2 + 13*w + 3. What is m(14)?
-11
Let t(w) = 14*w**2 + 6*w + 5. Give t(-2).
49
Let t(c) = c**2 + 54*c + 187. Determine t(-51).
34
Let g(o) = o**3 - 16*o**2 - 22*o - 43. Determine g(17).
-128
Let v(d) = d**2 + 312*d - 4897. What is v(15)?
8
Let f(a) = 12*a**2 - a - 22. What is f(-2)?
28
Let p(l) = l**2 - 67*l - 664. What is p(-9)?
20
Let q(v) = -22*v + 848. Give q(11).
606
Let w(u) = -17*u**3 + 8*u**2 - 15*u - 2. Give w(2).
-136
Let t(c) = 145*c + 17997. Determine t(-124).
17
Let u(r) = -r**3 - 33*r**2 - 162*r - 12. What is u(-6)?
-12
Let d(n) = 34*n - 302. What is d(11)?
72
Let j(b) = 4*b**2 + 97*b + 472. Give j(-19).
73
Let b(k) = -k - 74. Determine b(-13).
-61
Let n(g) = 5*g**2 + 18*g + 111. Calculate n(-5).
146
Let h(r) = -12*r - 479. What is h(-38)?
-23
Let q(d) = 5*d**2 - 150*d + 285. Give q(2).
5
Let b(a) = -a**3 + 14*a**2 + 484*a - 131. Calculate b(30).
-11
Let j(s) = -s**2 - 84*s + 3283. What is j(29)?
6
Let c(t) = 4*t**2 - 137*t + 40. What is c(34)?
6
Let z(p) = 116*p + 813. Give z(-7).
1
Let o(k) = -k**3 - 76*k**2 + 81*k + 302. Determine o(-77).
-6
Let z(m) = -m**3 - 12*m**2 - 12*m - 144. Calculate z(-12).
0
Let q(f) = 4*f**3 - 85*f**2 - 189*f + 643. What is q(23)?
-1
Let h(u) = -21*u**3 + 2*u**2 + u - 351. Calculate h(0).
-351
Let c(h) = -22*h - 234. What is c(-7)?
-80
Let r(t) = -t**2 + 33*t + 102. Determine r(-5).
-88
Let w(j) = j**2 + 26*j - 25. Give w(-20).
-145
Let m(z) = 1434*z - 2876. Calculate m(2).
-8
Let w(q) = q**3 + 41*q**2 + 317*q - 371. Give w(-12).
1
Let c(j) = -133*j**3 + j**2 - 1. Calculate c(-1).
133
Let k(w) = 2*w**2 - 95*w + 185. Give k(2).
3
Let u(z) = -3*z**2 + 39*z + 79. Calculate u(13).
79
Let c(j) = 741*j + 533. Calculate c(-1).
-208
Let v(t) = -76*t - 152. Calculate v(-3).
76
Let o(n) = -n**3 - 12*n**2 + 64*n + 649. Determine o(-13).
-14
Let c(f) = -6*f + 101. What is c(-22)?
233
Let l(u) = -103*u + 7802. Calculate l(76).
-26
Let t(c) = -c**3 - c**2 - 14*c - 35. Give t(-5).
135
Let n(b) = -66*b + 133. What is n(2)?
1
Let d(u) = 113*u + 16042. Determine d(-142).
-4
Let i(g) = -2*g**3 + 18*g + 33. Determine i(-3).
33
Let n(x) = 7*x + 212. What is n(-23)?
51
Let r(g) = g**2 - 35*g - 509. Give r(-13).
115
Let m(t) = t**3 - 52*t**2 + 651*t - 4. Give m(31).
-4
Let s(v) = 24*v**2 + 26*v - 23. Determine s(4).
465
Let p(h) = h**2 + 131*h + 1744. Give p(-116).
4
Let x(t) = -8*t**2 + 10*t - 8. What is x(3)?
-50
Let u(s) = -325*s - 751. What is u(-4)?
549
Let v(j) = j**3 + 3*j**2 + 11*j + 1. What is v(-5)?
-104
Let z(l) = l**2 - 13*l - 117. Determine z(22).
81
Let z(o) = 3*o**3 + 57*o**2 - 164*o - 3122. Determine z(-19).
-6
Let f(d) = 11*d**2 + 134*d + 148. What is f(-11)?
5
Let k(l) = -33*l - 1908. Calculate k(-58).
6
Let n(y) = -315*y**2 - 2822*y + 45. Give n(-9).
-72
Let i(c) = 30*c + 274. Determine i(-15).
-176
Let n(q) = q**3 - 55*q**2 + 450*q - 2. Calculate n(45).
-2
Let d(o) = o**2 + 18*o + 47. Determine d(-11).
-30
Let i(p) = 2*p**3 + 3*p**2 - p + 6. Calculate i(-3).
-18
Let n(d) = -30*d**3 + 2*d**2 - 2*d + 1. Determine n(2).
-235
Let p(z) = -182*z + 2863. Determine p(15).
133
Let n(x) = -x**3 - 16*x**2 + 69*x + 177. Determine n(-19).
-51
Let m(f) = -55*f**2 + 184*f - 53. Determine m(3).
4
Let c(m) = -3*m**2 + 170*m + 520. What is c(-3)?
-17
Let s(p) = -p**2 + 114*p - 1945. What is s(21)?
8
Let m(p) = -34*p - 156. Calculate m(-8).
116
Let l(y) = y**3 - 105*y**2 + 588*y + 594. Determine l(99).
0
Let v(w) = -6*w**2 + 52*w - 44. Give v(7).
26
Let k(y) = 46*y**2 - 12*y - 4. Calculate k(4).
684
Let z(v) = -147*v**2 + 2*v + 1. What is z(-2)?
-591
Let c(j) = -2053*j + 34901. Give c(17).
0
Let k(a) = -a**3 + 45*a**2 - 3*a - 1763. Calculate k(44).
41
Let r(k) = -10*k**2 - k + 6. Calculate r(-1).
-3
Let s(k) = k**3 + 10*k**2 + 9*k - 7. What is s(-7)?
77
Let j(q) = -101*q**2 + 599*q + 10. Give j(6).
-32
Let w(i) = -44*i + 14. What is w(2)?
-74
Let k(n) = -102*n + 485. What is k(5)?
-25
Let v(b) = -60*b + 679. What is v(9)?
139
Let h(r) = 12*r + 795. Calculate h(-57).
111
Let w(f) = -8*f**2 + 1992*f - 6. Give w(249).
-6
Let m(p) = -p**3 + 11*p**2 - 145*p + 1251. Give m(9).
108
Let n(o) = -18*o - 1145. Give n(-64).
7
Let y(z) = -z**2 - 21*z - 119. Determine y(-5).
-39
Let p(t) = 21*t**2 + 74*t + 7. What is p(-3)?
-26
Let y(a) = a**2 - 70*a + 7. Determine y(70).
7
Let i(b) = 14*b - 52. Determine i(8).
60
Let q(l) = -2*l**2 + 138*l - 977. What is q(61)?
-1
Let f(a) = -5219*a - 5205. Determine f(-1).
14
Let d(f) = -458*f - 1883. Calculate d(-4).
-51
Let m(t) = -t**2 + 47*t + 265. Calculate m(-5).
5
Let x(o) = 2*o**2 